{"id":490,"date":"2021-01-20T17:47:40","date_gmt":"2021-01-20T17:47:40","guid":{"rendered":"https:\/\/aparadio.com\/?page_id=490"},"modified":"2021-01-20T19:47:37","modified_gmt":"2021-01-20T19:47:37","slug":"publicidad","status":"publish","type":"page","link":"https:\/\/aparadio.com\/?page_id=490","title":{"rendered":"PUBLICIDAD"},"content":{"rendered":"<h1 style=\"text-align: center;\">Publicidad\u00a0 y Marketing<\/h1>\n<p>&nbsp;<\/p>\n<p style=\"text-align: justify;\">Publicidad, difusi\u00f3n y marketing suelen usarse como sin\u00f3nimos para dar a conocer una marca producto o servicio.<\/p>\n<p style=\"text-align: justify;\">Los beneficios en relaci\u00f3n al tr\u00e1nsito de la p\u00e1gina y al precio, son muy provechosos para los auspiciantes. Obteniendo mayores resultados\u00a0 que los que se logran con las grandes plataformas digitales.<\/p>\n<p style=\"text-align: justify;\">Contamos con nuestro propio sistema de difusi\u00f3n y publicidad pensado especialmente para llegar a las personas afines a una filosof\u00eda sana y con conciencia\u00a0 de conjunto por una v\u00eda alternativa.\u00a0 Sin interferir con la calidad y la idea art\u00edstica de la emisora, es que destinamos espacios visuales en los costados de la p\u00e1gina exclusivamente para ese fin. Estos disponen enlaces permanentes a las p\u00e1ginas deseadas.<\/p>\n<p style=\"text-align: justify;\">Apostamos al trato\u00a0 personalizado y al seguimiento de cada proyecto. Porque todos los que hacemos <a href=\"https:\/\/aparadio.com\/\">APA Radio<\/a>\u00a0 nos enfocamos en sumar y aportar. Siempre centrados en\u00a0 la cooperaci\u00f3n.<\/p>\n<p style=\"text-align: justify;\">Muchas gracias por confiar en nosotros para la difusi\u00f3n de su marca, producto o servicio.<\/p>\n<h2 style=\"text-align: center;\">Ventajas y planes<\/h2>\n<p>&nbsp;<\/p>\n<p>Las ventajas para los auspiciante son:<\/p>\n<ol>\n<li style=\"text-align: justify;\">El costo de la inversi\u00f3n: El valor es super conveniente en relaci\u00f3n al alcance, Ctr de la pagina, impresiones, cliks y escucha de la emisora en distintas plataformas.<\/li>\n<li style=\"text-align: justify;\"><a href=\"https:\/\/aparadio.com\/?page_id=356\">El trato personalizado<\/a>: Nos ocupamos de cada caso en particular, atendiendo las necesidades y los requerimientos espec\u00edficos de cada auspiciante.<\/li>\n<li style=\"text-align: justify;\">El seguimiento: Es importante que le rinda la inversi\u00f3n. Que de sus frutos. Por eso nos ocupamos de ello con un equipo de profesionales. Valorando mucho a los que conf\u00edan en nosotros para la publicidad de su Marca.<\/li>\n<\/ol>\n<p>&nbsp;<\/p>\n<p><img loading=\"lazy\" decoding=\"async\" class=\"wp-image-274 aligncenter\" src=\"https:\/\/aparadio.com\/wp-content\/uploads\/2017\/01\/Bicicletas-300x141.jpg\" alt=\"\" width=\"715\" height=\"336\" srcset=\"https:\/\/aparadio.com\/wp-content\/uploads\/2017\/01\/Bicicletas-300x141.jpg 300w, https:\/\/aparadio.com\/wp-content\/uploads\/2017\/01\/Bicicletas-768x361.jpg 768w, https:\/\/aparadio.com\/wp-content\/uploads\/2017\/01\/Bicicletas-1024x482.jpg 1024w, https:\/\/aparadio.com\/wp-content\/uploads\/2017\/01\/Bicicletas-250x118.jpg 250w, https:\/\/aparadio.com\/wp-content\/uploads\/2017\/01\/Bicicletas-150x71.jpg 150w, https:\/\/aparadio.com\/wp-content\/uploads\/2017\/01\/Bicicletas.jpg 1700w\" sizes=\"auto, (max-width: 715px) 100vw, 715px\" \/><\/p>\n<p>&nbsp;<\/p>\n<p><img loading=\"lazy\" decoding=\"async\" class=\"size-medium wp-image-281 aligncenter\" src=\"https:\/\/aparadio.com\/wp-content\/uploads\/2017\/01\/King_julien-274x300.jpg\" alt=\"\" width=\"274\" height=\"300\" srcset=\"https:\/\/aparadio.com\/wp-content\/uploads\/2017\/01\/King_julien-274x300.jpg 274w, https:\/\/aparadio.com\/wp-content\/uploads\/2017\/01\/King_julien-137x150.jpg 137w, https:\/\/aparadio.com\/wp-content\/uploads\/2017\/01\/King_julien.jpg 332w\" sizes=\"auto, (max-width: 274px) 100vw, 274px\" \/><\/p>\n<h4>As\u00ed Somos&#8230;<\/h4>\n<p style=\"text-align: justify;\">Todo tipo de obligaci\u00f3n y responsabilidad la asumimos siempre con una sonrisa. <a href=\"https:\/\/locutorintegral.com\/\">Profesionalismo<\/a>, Amabilidad y buenas formas van de la mano con la Alegr\u00eda. Creemos en la suma. Nos dedicamos a los medios de comunicaci\u00f3n profesionalmente.<\/p>\n<p>&nbsp;<\/p>\n<p><img loading=\"lazy\" decoding=\"async\" class=\"wp-image-419 aligncenter\" src=\"https:\/\/aparadio.com\/wp-content\/uploads\/2021\/01\/05-Vibra-300x188.jpg\" alt=\"\" width=\"385\" height=\"241\" srcset=\"https:\/\/aparadio.com\/wp-content\/uploads\/2021\/01\/05-Vibra-300x188.jpg 300w, https:\/\/aparadio.com\/wp-content\/uploads\/2021\/01\/05-Vibra-1024x640.jpg 1024w, https:\/\/aparadio.com\/wp-content\/uploads\/2021\/01\/05-Vibra-768x480.jpg 768w, https:\/\/aparadio.com\/wp-content\/uploads\/2021\/01\/05-Vibra-150x94.jpg 150w, https:\/\/aparadio.com\/wp-content\/uploads\/2021\/01\/05-Vibra.jpg 1280w\" sizes=\"auto, (max-width: 385px) 100vw, 385px\" \/><\/p>\n<p>&nbsp;<\/p>\n<p style=\"text-align: center;\"><a class=\"maxbutton-1 maxbutton maxbutton-gracias\" href=\"https:\/\/aparadio.com\/?page_id=442\"><span class='mb-text'>GRACIAS<\/span><\/a>\n<p style=\"text-align: center;\"><!-- Widget Shortcode -->\t\t<div class=\"pp-column column1\">\n\t\t\t\t\t\t\t<a href=\"https:\/\/aparadio.com\/?page_id=12\"  class=\"clickable-column\">\n\t\t\t\t\t\t\t\t\t<\/a>\n\n\t\t\t\t<div class=\"column-image\">\n\t\t\t\t\t<div class=\"column-image-inside\">  <\/div>\n\t\t\t\t\t\t<a href=\"https:\/\/aparadio.com\/?page_id=12\"  class=\"clickable-column\">\n\t\t\t\t\t\t\t<img decoding=\"async\" src=\"https:\/\/aparadio.com\/wp-content\/uploads\/2021\/01\/Radio-08.gif\" alt=\"\" \/>\n\t\t\t\t\t\t<\/a>\n\t\t\t\t\t\n\t\t\t\t\t\t\t\t\t\t\t\t\t\t\t\t<div class=\"columnmore\">\n\t\t\t\t\t\t\t<a href=\"https:\/\/aparadio.com\/?page_id=12\" >Play - One Love <i class=\"column-arrow\"><\/i> <\/a>\n\t\t\t\t\t\t<\/div>\n\t\t\t\t\t\t\t\t\t<\/div><!--column-image-->\n\t\t\t\t\t<\/div><!-- column -->\n\t<!-- \/Widget Shortcode -->\n","protected":false},"excerpt":{"rendered":"<p>Publicidad\u00a0 y Marketing &nbsp; Publicidad, difusi\u00f3n y marketing suelen usarse como sin\u00f3nimos para dar a conocer una marca producto o servicio. Los beneficios en relaci\u00f3n al tr\u00e1nsito de la p\u00e1gina y al precio, son muy provechosos para los auspiciantes. Obteniendo mayores resultados\u00a0 que los que se logran con las grandes\u2026<\/p>\n<p class=\"continue-reading-button\"> <a class=\"continue-reading-link\" href=\"https:\/\/aparadio.com\/?page_id=490\">Fluir&#8230;<i class=\"crycon-right-dir\"><\/i><\/a><\/p>\n","protected":false},"author":1,"featured_media":0,"parent":0,"menu_order":0,"comment_status":"closed","ping_status":"closed","template":"","meta":{"footnotes":""},"class_list":["post-490","page","type-page","status-publish","hentry"],"yoast_head":"<!-- This site is optimized with the Yoast SEO plugin v24.9 - https:\/\/yoast.com\/wordpress\/plugins\/seo\/ -->\n<title>PUBLICIDAD - ((( APA RADIO )))<\/title>\n<meta name=\"robots\" content=\"index, follow, max-snippet:-1, max-image-preview:large, max-video-preview:-1\" \/>\n<link rel=\"canonical\" href=\"https:\/\/aparadio.com\/?page_id=490\" \/>\n<meta property=\"og:locale\" content=\"es_ES\" \/>\n<meta property=\"og:type\" content=\"article\" \/>\n<meta property=\"og:title\" content=\"PUBLICIDAD - ((( APA RADIO )))\" \/>\n<meta property=\"og:description\" content=\"Publicidad\u00a0 y Marketing &nbsp; Publicidad, difusi\u00f3n y marketing suelen usarse como sin\u00f3nimos para dar a conocer una marca producto o servicio. Los beneficios en relaci\u00f3n al tr\u00e1nsito de la p\u00e1gina y al precio, son muy provechosos para los auspiciantes. Obteniendo mayores resultados\u00a0 que los que se logran con las grandes\u2026 Fluir...\" \/>\n<meta property=\"og:url\" content=\"https:\/\/aparadio.com\/?page_id=490\" \/>\n<meta property=\"og:site_name\" content=\"((( APA RADIO )))\" \/>\n<meta property=\"article:modified_time\" content=\"2021-01-20T19:47:37+00:00\" \/>\n<meta property=\"og:image\" content=\"https:\/\/aparadio.com\/wp-content\/uploads\/2017\/01\/Bicicletas-300x141.jpg\" \/>\n<meta name=\"twitter:card\" content=\"summary_large_image\" \/>\n<meta name=\"twitter:label1\" content=\"Tiempo de lectura\" \/>\n\t<meta name=\"twitter:data1\" content=\"2 minutos\" \/>\n<script type=\"application\/ld+json\" class=\"yoast-schema-graph\">{\"@context\":\"https:\/\/schema.org\",\"@graph\":[{\"@type\":\"WebPage\",\"@id\":\"https:\/\/aparadio.com\/?page_id=490\",\"url\":\"https:\/\/aparadio.com\/?page_id=490\",\"name\":\"PUBLICIDAD - ((( APA RADIO )))\",\"isPartOf\":{\"@id\":\"https:\/\/aparadio.com\/#website\"},\"primaryImageOfPage\":{\"@id\":\"https:\/\/aparadio.com\/?page_id=490#primaryimage\"},\"image\":{\"@id\":\"https:\/\/aparadio.com\/?page_id=490#primaryimage\"},\"thumbnailUrl\":\"https:\/\/aparadio.com\/wp-content\/uploads\/2017\/01\/Bicicletas-300x141.jpg\",\"datePublished\":\"2021-01-20T17:47:40+00:00\",\"dateModified\":\"2021-01-20T19:47:37+00:00\",\"breadcrumb\":{\"@id\":\"https:\/\/aparadio.com\/?page_id=490#breadcrumb\"},\"inLanguage\":\"es\",\"potentialAction\":[{\"@type\":\"ReadAction\",\"target\":[\"https:\/\/aparadio.com\/?page_id=490\"]}]},{\"@type\":\"ImageObject\",\"inLanguage\":\"es\",\"@id\":\"https:\/\/aparadio.com\/?page_id=490#primaryimage\",\"url\":\"https:\/\/aparadio.com\/wp-content\/uploads\/2017\/01\/Bicicletas.jpg\",\"contentUrl\":\"https:\/\/aparadio.com\/wp-content\/uploads\/2017\/01\/Bicicletas.jpg\",\"width\":1700,\"height\":800},{\"@type\":\"BreadcrumbList\",\"@id\":\"https:\/\/aparadio.com\/?page_id=490#breadcrumb\",\"itemListElement\":[{\"@type\":\"ListItem\",\"position\":1,\"name\":\"Portada\",\"item\":\"https:\/\/aparadio.com\/\"},{\"@type\":\"ListItem\",\"position\":2,\"name\":\"PUBLICIDAD\"}]},{\"@type\":\"WebSite\",\"@id\":\"https:\/\/aparadio.com\/#website\",\"url\":\"https:\/\/aparadio.com\/\",\"name\":\"((( APA RADIO )))\",\"description\":\"\",\"publisher\":{\"@id\":\"https:\/\/aparadio.com\/#organization\"},\"potentialAction\":[{\"@type\":\"SearchAction\",\"target\":{\"@type\":\"EntryPoint\",\"urlTemplate\":\"https:\/\/aparadio.com\/?s={search_term_string}\"},\"query-input\":{\"@type\":\"PropertyValueSpecification\",\"valueRequired\":true,\"valueName\":\"search_term_string\"}}],\"inLanguage\":\"es\"},{\"@type\":\"Organization\",\"@id\":\"https:\/\/aparadio.com\/#organization\",\"name\":\"APA Radio\",\"url\":\"https:\/\/aparadio.com\/\",\"logo\":{\"@type\":\"ImageObject\",\"inLanguage\":\"es\",\"@id\":\"https:\/\/aparadio.com\/#\/schema\/logo\/image\/\",\"url\":\"https:\/\/aparadio.com\/wp-content\/uploads\/2016\/11\/cropped-AAPA-ovalo.png\",\"contentUrl\":\"https:\/\/aparadio.com\/wp-content\/uploads\/2016\/11\/cropped-AAPA-ovalo.png\",\"width\":512,\"height\":512,\"caption\":\"APA Radio\"},\"image\":{\"@id\":\"https:\/\/aparadio.com\/#\/schema\/logo\/image\/\"}}]}<\/script>\n<!-- \/ Yoast SEO plugin. -->","yoast_head_json":{"title":"PUBLICIDAD - ((( APA RADIO )))","robots":{"index":"index","follow":"follow","max-snippet":"max-snippet:-1","max-image-preview":"max-image-preview:large","max-video-preview":"max-video-preview:-1"},"canonical":"https:\/\/aparadio.com\/?page_id=490","og_locale":"es_ES","og_type":"article","og_title":"PUBLICIDAD - ((( APA RADIO )))","og_description":"Publicidad\u00a0 y Marketing &nbsp; Publicidad, difusi\u00f3n y marketing suelen usarse como sin\u00f3nimos para dar a conocer una marca producto o servicio. Los beneficios en relaci\u00f3n al tr\u00e1nsito de la p\u00e1gina y al precio, son muy provechosos para los auspiciantes. Obteniendo mayores resultados\u00a0 que los que se logran con las grandes\u2026 Fluir...","og_url":"https:\/\/aparadio.com\/?page_id=490","og_site_name":"((( APA RADIO )))","article_modified_time":"2021-01-20T19:47:37+00:00","og_image":[{"url":"https:\/\/aparadio.com\/wp-content\/uploads\/2017\/01\/Bicicletas-300x141.jpg","type":"","width":"","height":""}],"twitter_card":"summary_large_image","twitter_misc":{"Tiempo de lectura":"2 minutos"},"schema":{"@context":"https:\/\/schema.org","@graph":[{"@type":"WebPage","@id":"https:\/\/aparadio.com\/?page_id=490","url":"https:\/\/aparadio.com\/?page_id=490","name":"PUBLICIDAD - ((( APA RADIO )))","isPartOf":{"@id":"https:\/\/aparadio.com\/#website"},"primaryImageOfPage":{"@id":"https:\/\/aparadio.com\/?page_id=490#primaryimage"},"image":{"@id":"https:\/\/aparadio.com\/?page_id=490#primaryimage"},"thumbnailUrl":"https:\/\/aparadio.com\/wp-content\/uploads\/2017\/01\/Bicicletas-300x141.jpg","datePublished":"2021-01-20T17:47:40+00:00","dateModified":"2021-01-20T19:47:37+00:00","breadcrumb":{"@id":"https:\/\/aparadio.com\/?page_id=490#breadcrumb"},"inLanguage":"es","potentialAction":[{"@type":"ReadAction","target":["https:\/\/aparadio.com\/?page_id=490"]}]},{"@type":"ImageObject","inLanguage":"es","@id":"https:\/\/aparadio.com\/?page_id=490#primaryimage","url":"https:\/\/aparadio.com\/wp-content\/uploads\/2017\/01\/Bicicletas.jpg","contentUrl":"https:\/\/aparadio.com\/wp-content\/uploads\/2017\/01\/Bicicletas.jpg","width":1700,"height":800},{"@type":"BreadcrumbList","@id":"https:\/\/aparadio.com\/?page_id=490#breadcrumb","itemListElement":[{"@type":"ListItem","position":1,"name":"Portada","item":"https:\/\/aparadio.com\/"},{"@type":"ListItem","position":2,"name":"PUBLICIDAD"}]},{"@type":"WebSite","@id":"https:\/\/aparadio.com\/#website","url":"https:\/\/aparadio.com\/","name":"((( APA RADIO )))","description":"","publisher":{"@id":"https:\/\/aparadio.com\/#organization"},"potentialAction":[{"@type":"SearchAction","target":{"@type":"EntryPoint","urlTemplate":"https:\/\/aparadio.com\/?s={search_term_string}"},"query-input":{"@type":"PropertyValueSpecification","valueRequired":true,"valueName":"search_term_string"}}],"inLanguage":"es"},{"@type":"Organization","@id":"https:\/\/aparadio.com\/#organization","name":"APA Radio","url":"https:\/\/aparadio.com\/","logo":{"@type":"ImageObject","inLanguage":"es","@id":"https:\/\/aparadio.com\/#\/schema\/logo\/image\/","url":"https:\/\/aparadio.com\/wp-content\/uploads\/2016\/11\/cropped-AAPA-ovalo.png","contentUrl":"https:\/\/aparadio.com\/wp-content\/uploads\/2016\/11\/cropped-AAPA-ovalo.png","width":512,"height":512,"caption":"APA Radio"},"image":{"@id":"https:\/\/aparadio.com\/#\/schema\/logo\/image\/"}}]}},"_links":{"self":[{"href":"https:\/\/aparadio.com\/index.php?rest_route=\/wp\/v2\/pages\/490","targetHints":{"allow":["GET"]}}],"collection":[{"href":"https:\/\/aparadio.com\/index.php?rest_route=\/wp\/v2\/pages"}],"about":[{"href":"https:\/\/aparadio.com\/index.php?rest_route=\/wp\/v2\/types\/page"}],"author":[{"embeddable":true,"href":"https:\/\/aparadio.com\/index.php?rest_route=\/wp\/v2\/users\/1"}],"replies":[{"embeddable":true,"href":"https:\/\/aparadio.com\/index.php?rest_route=%2Fwp%2Fv2%2Fcomments&post=490"}],"version-history":[{"count":0,"href":"https:\/\/aparadio.com\/index.php?rest_route=\/wp\/v2\/pages\/490\/revisions"}],"wp:attachment":[{"href":"https:\/\/aparadio.com\/index.php?rest_route=%2Fwp%2Fv2%2Fmedia&parent=490"}],"curies":[{"name":"wp","href":"https:\/\/api.w.org\/{rel}","templated":true}]}}